{"id":176,"date":"2025-12-05T05:21:48","date_gmt":"2025-12-05T04:21:48","guid":{"rendered":"https:\/\/anatoleetrosalie.com\/?post_type=product&#038;p=176"},"modified":"2025-12-13T13:30:56","modified_gmt":"2025-12-13T12:30:56","slug":"complement-naturel-serenite-anti-stress-chien-et-chat","status":"publish","type":"product","link":"https:\/\/anatoleetrosalie.com\/?product=complement-naturel-serenite-anti-stress-chien-et-chat","title":{"rendered":"Compl\u00e9ment naturel s\u00e9r\u00e9nit\u00e9 &#038; anti-stress \u2013 Chien et chat"},"content":{"rendered":"<p>Un accompagnement naturel pour aider votre compagnon \u00e0 retrouver calme et s\u00e9r\u00e9nit\u00e9.<\/p>\n<p>Ce compl\u00e9ment s\u00e9r\u00e9nit\u00e9 est con\u00e7u pour soutenir les chiens et chats sujets au stress, \u00e0 l\u2019anxi\u00e9t\u00e9 ou aux situations inhabituelles (transports, solitude, changements d\u2019environnement). Sa formule douce favorise l\u2019apaisement sans provoquer de somnolence.<\/p>\n<p>Facile \u00e0 administrer, il s\u2019int\u00e8gre simplement \u00e0 la routine quotidienne pour accompagner le bien-\u00eatre \u00e9motionnel de votre animal.<\/p>\n","protected":false},"excerpt":{"rendered":"<p>Compl\u00e9ment naturel pour accompagner chiens et chats stress\u00e9s ou anxieux. Favorise l\u2019apaisement et le bien-\u00eatre \u00e9motionnel en douceur.<\/p>\n","protected":false},"featured_media":177,"comment_status":"open","ping_status":"closed","template":"","meta":{"site-sidebar-layout":"default","site-content-layout":"","ast-site-content-layout":"default","site-content-style":"default","site-sidebar-style":"default","ast-global-header-display":"","ast-banner-title-visibility":"","ast-main-header-display":"","ast-hfb-above-header-display":"","ast-hfb-below-header-display":"","ast-hfb-mobile-header-display":"","site-post-title":"","ast-breadcrumbs-content":"","ast-featured-img":"","footer-sml-layout":"","theme-transparent-header-meta":"default","adv-header-id-meta":"","stick-header-meta":"","header-above-stick-meta":"","header-main-stick-meta":"","header-below-stick-meta":"","astra-migrate-meta-layouts":"set","ast-page-background-enabled":"default","ast-page-background-meta":{"desktop":{"background-color":"var(--ast-global-color-5)","background-image":"","background-repeat":"repeat","background-position":"center center","background-size":"auto","background-attachment":"scroll","background-type":"","background-media":"","overlay-type":"","overlay-color":"","overlay-opacity":"","overlay-gradient":""},"tablet":{"background-color":"","background-image":"","background-repeat":"repeat","background-position":"center center","background-size":"auto","background-attachment":"scroll","background-type":"","background-media":"","overlay-type":"","overlay-color":"","overlay-opacity":"","overlay-gradient":""},"mobile":{"background-color":"","background-image":"","background-repeat":"repeat","background-position":"center center","background-size":"auto","background-attachment":"scroll","background-type":"","background-media":"","overlay-type":"","overlay-color":"","overlay-opacity":"","overlay-gradient":""}},"ast-content-background-meta":{"desktop":{"background-color":"var(--ast-global-color-4)","background-image":"","background-repeat":"repeat","background-position":"center center","background-size":"auto","background-attachment":"scroll","background-type":"","background-media":"","overlay-type":"","overlay-color":"","overlay-opacity":"","overlay-gradient":""},"tablet":{"background-color":"var(--ast-global-color-4)","background-image":"","background-repeat":"repeat","background-position":"center center","background-size":"auto","background-attachment":"scroll","background-type":"","background-media":"","overlay-type":"","overlay-color":"","overlay-opacity":"","overlay-gradient":""},"mobile":{"background-color":"var(--ast-global-color-4)","background-image":"","background-repeat":"repeat","background-position":"center center","background-size":"auto","background-attachment":"scroll","background-type":"","background-media":"","overlay-type":"","overlay-color":"","overlay-opacity":"","overlay-gradient":""}}},"product_brand":[],"product_cat":[17,79,50,105],"product_tag":[99,90,83,94,98,97],"class_list":{"0":"post-176","1":"product","2":"type-product","3":"status-publish","4":"has-post-thumbnail","6":"product_cat-chat","7":"product_cat-complements-chat","8":"product_cat-complements-chien","9":"product_cat-produits-phares","10":"product_tag-anxiete","11":"product_tag-chat","12":"product_tag-chien","13":"product_tag-complement-alimentaire","14":"product_tag-serenite","15":"product_tag-stress","16":"desktop-align-left","17":"tablet-align-left","18":"mobile-align-left","20":"first","21":"instock","22":"taxable","23":"shipping-taxable","24":"purchasable","25":"product-type-simple"},"jetpack_sharing_enabled":true,"_links":{"self":[{"href":"https:\/\/anatoleetrosalie.com\/index.php?rest_route=\/wp\/v2\/product\/176","targetHints":{"allow":["GET"]}}],"collection":[{"href":"https:\/\/anatoleetrosalie.com\/index.php?rest_route=\/wp\/v2\/product"}],"about":[{"href":"https:\/\/anatoleetrosalie.com\/index.php?rest_route=\/wp\/v2\/types\/product"}],"replies":[{"embeddable":true,"href":"https:\/\/anatoleetrosalie.com\/index.php?rest_route=%2Fwp%2Fv2%2Fcomments&post=176"}],"wp:featuredmedia":[{"embeddable":true,"href":"https:\/\/anatoleetrosalie.com\/index.php?rest_route=\/wp\/v2\/media\/177"}],"wp:attachment":[{"href":"https:\/\/anatoleetrosalie.com\/index.php?rest_route=%2Fwp%2Fv2%2Fmedia&parent=176"}],"wp:term":[{"taxonomy":"product_brand","embeddable":true,"href":"https:\/\/anatoleetrosalie.com\/index.php?rest_route=%2Fwp%2Fv2%2Fproduct_brand&post=176"},{"taxonomy":"product_cat","embeddable":true,"href":"https:\/\/anatoleetrosalie.com\/index.php?rest_route=%2Fwp%2Fv2%2Fproduct_cat&post=176"},{"taxonomy":"product_tag","embeddable":true,"href":"https:\/\/anatoleetrosalie.com\/index.php?rest_route=%2Fwp%2Fv2%2Fproduct_tag&post=176"}],"curies":[{"name":"wp","href":"https:\/\/api.w.org\/{rel}","templated":true}]}}