{"id":7,"date":"2025-11-23T22:25:31","date_gmt":"2025-11-23T21:25:31","guid":{"rendered":"https:\/\/anatoleetrosalie.com\/?page_id=7"},"modified":"2025-11-23T22:27:03","modified_gmt":"2025-11-23T21:27:03","slug":"panier","status":"publish","type":"page","link":"https:\/\/anatoleetrosalie.com\/?page_id=7","title":{"rendered":"Panier"},"content":{"rendered":"\n<div data-block-name=\"woocommerce\/cart\" class=\"wp-block-woocommerce-cart alignwide is-loading\">\n<div data-block-name=\"woocommerce\/filled-cart-block\" class=\"wp-block-woocommerce-filled-cart-block\">\n<div data-block-name=\"woocommerce\/cart-items-block\" class=\"wp-block-woocommerce-cart-items-block\">\n<div data-block-name=\"woocommerce\/cart-line-items-block\" class=\"wp-block-woocommerce-cart-line-items-block\"><\/div>\n\n\n<\/div>\n\n\n\n\n<div data-block-name=\"woocommerce\/cart-totals-block\" class=\"wp-block-woocommerce-cart-totals-block\">\n<div data-block-name=\"woocommerce\/cart-order-summary-block\" class=\"wp-block-woocommerce-cart-order-summary-block\">\n<div data-block-name=\"woocommerce\/cart-order-summary-heading-block\" class=\"wp-block-woocommerce-cart-order-summary-heading-block\"><\/div><div data-block-name=\"woocommerce\/cart-order-summary-coupon-form-block\" class=\"wp-block-woocommerce-cart-order-summary-coupon-form-block\"><\/div><div data-block-name=\"woocommerce\/cart-order-summary-totals-block\" class=\"wp-block-woocommerce-cart-order-summary-totals-block\">\n<div data-block-name=\"woocommerce\/cart-order-summary-subtotal-block\" class=\"wp-block-woocommerce-cart-order-summary-subtotal-block\"><\/div>\n<div data-block-name=\"woocommerce\/cart-order-summary-discount-block\" class=\"wp-block-woocommerce-cart-order-summary-discount-block\"><\/div>\n<div data-block-name=\"woocommerce\/cart-order-summary-fee-block\" class=\"wp-block-woocommerce-cart-order-summary-fee-block\"><\/div>\n<div data-block-name=\"woocommerce\/cart-order-summary-shipping-block\" class=\"wp-block-woocommerce-cart-order-summary-shipping-block\"><\/div>\n<div data-block-name=\"woocommerce\/cart-order-summary-taxes-block\" class=\"wp-block-woocommerce-cart-order-summary-taxes-block\"><\/div><\/div>\n<\/div>\n\n\n\n<div data-block-name=\"woocommerce\/cart-express-payment-block\" class=\"wp-block-woocommerce-cart-express-payment-block\"><\/div>\n\n\n\n<div data-block-name=\"woocommerce\/proceed-to-checkout-block\" class=\"wp-block-woocommerce-proceed-to-checkout-block\"><\/div>\n<div id=\"ppcp-recaptcha-v2-container\" style=\"margin:20px 0;\"><\/div>\n\n\n<div data-block-name=\"woocommerce\/cart-accepted-payment-methods-block\" class=\"wp-block-woocommerce-cart-accepted-payment-methods-block\"><\/div>\n<\/div>\n<\/div>\n\n\n\n<div data-block-name=\"woocommerce\/empty-cart-block\" class=\"wp-block-woocommerce-empty-cart-block\">\n<h2 class=\"wp-block-heading has-text-align-center with-empty-cart-icon wc-block-cart__empty-cart__title\">Votre panier est actuellement vide\u00a0!<\/h2>\n\n\n\n<hr class=\"wp-block-separator has-alpha-channel-opacity is-style-dots\"\/>\n\n\n\n<h2 class=\"wp-block-heading has-text-align-center\">Nouveau dans la boutique<\/h2>\n\n\n<div data-block-name=\"woocommerce\/product-new\" data-columns=\"4\" data-rows=\"1\" class=\"wc-block-grid wp-block-product-new wp-block-woocommerce-product-new wc-block-product-new has-4-columns\"><ul class=\"wc-block-grid__products\"><li class=\"wc-block-grid__product\">\n\t\t\t\t<a href=\"https:\/\/anatoleetrosalie.com\/?product=le-rituel-bien-etre-mensuel-chien-chat\" class=\"wc-block-grid__product-link\">\n\t\t\t\t\t\n\t\t\t\t\t<div class=\"wc-block-grid__product-image\"><img fetchpriority=\"high\" decoding=\"async\" width=\"300\" height=\"300\" src=\"https:\/\/anatoleetrosalie.com\/wp-content\/uploads\/2025\/12\/image-rituel-bien-etre-300x300.jpeg\" class=\"attachment-woocommerce_thumbnail size-woocommerce_thumbnail\" alt=\"\u2b50 Le Rituel Bien-\u00catre Mensuel \u2013 Chien &amp; Chat\" srcset=\"https:\/\/anatoleetrosalie.com\/wp-content\/uploads\/2025\/12\/image-rituel-bien-etre-300x300.jpeg 300w, https:\/\/anatoleetrosalie.com\/wp-content\/uploads\/2025\/12\/image-rituel-bien-etre-150x150.jpeg 150w, https:\/\/anatoleetrosalie.com\/wp-content\/uploads\/2025\/12\/image-rituel-bien-etre-100x100.jpeg 100w\" sizes=\"(max-width: 300px) 100vw, 300px\" \/><\/div>\n\t\t\t\t\t<div class=\"wc-block-grid__product-title\">\u2b50 Le Rituel Bien-\u00catre Mensuel \u2013 Chien &amp; Chat<\/div>\n\t\t\t\t<\/a>\n\t\t\t\t<div class=\"wc-block-grid__product-price price\"><span class=\"woocommerce-Price-amount amount\">34,90&nbsp;<span class=\"woocommerce-Price-currencySymbol\">&euro;<\/span><\/span><\/div>\n\t\t\t\t\n\t\t\t\t<div class=\"wp-block-button wc-block-grid__product-add-to-cart\"><a href=\"\/index.php?rest_route=%2Fwp%2Fv2%2Fpages%2F7&#038;add-to-cart=178\" aria-label=\"Ajouter au panier\u00a0: &ldquo;\u2b50 Le Rituel Bien-\u00catre Mensuel \u2013 Chien &amp; Chat&rdquo;\" data-quantity=\"1\" data-product_id=\"178\" data-product_sku=\"\" data-price=\"34.9\" rel=\"nofollow\" class=\"wp-block-button__link  add_to_cart_button ajax_add_to_cart\">Ajouter au panier<\/a><\/div>\n\t\t\t<\/li><li class=\"wc-block-grid__product\">\n\t\t\t\t<a href=\"https:\/\/anatoleetrosalie.com\/?product=complement-naturel-serenite-anti-stress-chien-et-chat\" class=\"wc-block-grid__product-link\">\n\t\t\t\t\t\n\t\t\t\t\t<div class=\"wc-block-grid__product-image\"><img decoding=\"async\" width=\"300\" height=\"300\" src=\"https:\/\/anatoleetrosalie.com\/wp-content\/uploads\/2025\/12\/complement-serenite-anti-stress-chien-chat-300x300.png\" class=\"attachment-woocommerce_thumbnail size-woocommerce_thumbnail\" alt=\"Compl\u00e9ment naturel s\u00e9r\u00e9nit\u00e9 &amp; anti-stress \u2013 Chien et chat\" srcset=\"https:\/\/anatoleetrosalie.com\/wp-content\/uploads\/2025\/12\/complement-serenite-anti-stress-chien-chat-300x300.png 300w, https:\/\/anatoleetrosalie.com\/wp-content\/uploads\/2025\/12\/complement-serenite-anti-stress-chien-chat-1024x1024.png 1024w, https:\/\/anatoleetrosalie.com\/wp-content\/uploads\/2025\/12\/complement-serenite-anti-stress-chien-chat-150x150.png 150w, https:\/\/anatoleetrosalie.com\/wp-content\/uploads\/2025\/12\/complement-serenite-anti-stress-chien-chat-768x768.png 768w, https:\/\/anatoleetrosalie.com\/wp-content\/uploads\/2025\/12\/complement-serenite-anti-stress-chien-chat-600x600.png 600w, https:\/\/anatoleetrosalie.com\/wp-content\/uploads\/2025\/12\/complement-serenite-anti-stress-chien-chat-100x100.png 100w, https:\/\/anatoleetrosalie.com\/wp-content\/uploads\/2025\/12\/complement-serenite-anti-stress-chien-chat.png 1200w\" sizes=\"(max-width: 300px) 100vw, 300px\" \/><\/div>\n\t\t\t\t\t<div class=\"wc-block-grid__product-title\">Compl\u00e9ment naturel s\u00e9r\u00e9nit\u00e9 &amp; anti-stress \u2013 Chien et chat<\/div>\n\t\t\t\t<\/a>\n\t\t\t\t<div class=\"wc-block-grid__product-price price\"><span class=\"woocommerce-Price-amount amount\">34,90&nbsp;<span class=\"woocommerce-Price-currencySymbol\">&euro;<\/span><\/span><\/div>\n\t\t\t\t\n\t\t\t\t<div class=\"wp-block-button wc-block-grid__product-add-to-cart\"><a href=\"\/index.php?rest_route=%2Fwp%2Fv2%2Fpages%2F7&#038;add-to-cart=176\" aria-label=\"Ajouter au panier\u00a0: &ldquo;Compl\u00e9ment naturel s\u00e9r\u00e9nit\u00e9 &amp; anti-stress \u2013 Chien et chat&rdquo;\" data-quantity=\"1\" data-product_id=\"176\" data-product_sku=\"\" data-price=\"34.9\" rel=\"nofollow\" class=\"wp-block-button__link  add_to_cart_button ajax_add_to_cart\">Ajouter au panier<\/a><\/div>\n\t\t\t<\/li><li class=\"wc-block-grid__product\">\n\t\t\t\t<a href=\"https:\/\/anatoleetrosalie.com\/?product=complement-naturel-peau-pelage-chien-et-chat\" class=\"wc-block-grid__product-link\">\n\t\t\t\t\t\n\t\t\t\t\t<div class=\"wc-block-grid__product-image\"><img decoding=\"async\" width=\"300\" height=\"300\" src=\"https:\/\/anatoleetrosalie.com\/wp-content\/uploads\/2025\/12\/complement-peau-pelage-chien-chat-300x300.webp\" class=\"attachment-woocommerce_thumbnail size-woocommerce_thumbnail\" alt=\"Compl\u00e9ment naturel peau &amp; pelage \u2013 Chien et chat\" srcset=\"https:\/\/anatoleetrosalie.com\/wp-content\/uploads\/2025\/12\/complement-peau-pelage-chien-chat-300x300.webp 300w, https:\/\/anatoleetrosalie.com\/wp-content\/uploads\/2025\/12\/complement-peau-pelage-chien-chat-1024x1024.webp 1024w, https:\/\/anatoleetrosalie.com\/wp-content\/uploads\/2025\/12\/complement-peau-pelage-chien-chat-150x150.webp 150w, https:\/\/anatoleetrosalie.com\/wp-content\/uploads\/2025\/12\/complement-peau-pelage-chien-chat-768x768.webp 768w, https:\/\/anatoleetrosalie.com\/wp-content\/uploads\/2025\/12\/complement-peau-pelage-chien-chat-1536x1536.webp 1536w, https:\/\/anatoleetrosalie.com\/wp-content\/uploads\/2025\/12\/complement-peau-pelage-chien-chat-2048x2048.webp 2048w, https:\/\/anatoleetrosalie.com\/wp-content\/uploads\/2025\/12\/complement-peau-pelage-chien-chat-600x600.webp 600w, https:\/\/anatoleetrosalie.com\/wp-content\/uploads\/2025\/12\/complement-peau-pelage-chien-chat-100x100.webp 100w\" sizes=\"(max-width: 300px) 100vw, 300px\" \/><\/div>\n\t\t\t\t\t<div class=\"wc-block-grid__product-title\">Compl\u00e9ment naturel peau &amp; pelage \u2013 Chien et chat<\/div>\n\t\t\t\t<\/a>\n\t\t\t\t<div class=\"wc-block-grid__product-price price\"><span class=\"woocommerce-Price-amount amount\">29,90&nbsp;<span class=\"woocommerce-Price-currencySymbol\">&euro;<\/span><\/span><\/div>\n\t\t\t\t\n\t\t\t\t<div class=\"wp-block-button wc-block-grid__product-add-to-cart\"><a href=\"\/index.php?rest_route=%2Fwp%2Fv2%2Fpages%2F7&#038;add-to-cart=174\" aria-label=\"Ajouter au panier\u00a0: &ldquo;Compl\u00e9ment naturel peau &amp; pelage \u2013 Chien et chat&rdquo;\" data-quantity=\"1\" data-product_id=\"174\" data-product_sku=\"\" data-price=\"29.9\" rel=\"nofollow\" class=\"wp-block-button__link  add_to_cart_button ajax_add_to_cart\">Ajouter au panier<\/a><\/div>\n\t\t\t<\/li><li class=\"wc-block-grid__product\">\n\t\t\t\t<a href=\"https:\/\/anatoleetrosalie.com\/?product=friandises-naturelles-au-poulet-ou-au-poisson-chat\" class=\"wc-block-grid__product-link\">\n\t\t\t\t\t\n\t\t\t\t\t<div class=\"wc-block-grid__product-image\"><img loading=\"lazy\" decoding=\"async\" width=\"300\" height=\"300\" src=\"https:\/\/anatoleetrosalie.com\/wp-content\/uploads\/2025\/12\/friandise-chat-300x300.jpg\" class=\"attachment-woocommerce_thumbnail size-woocommerce_thumbnail\" alt=\"Friandises naturelles au poulet ou au poisson \u2013 Chat\" srcset=\"https:\/\/anatoleetrosalie.com\/wp-content\/uploads\/2025\/12\/friandise-chat-300x300.jpg 300w, https:\/\/anatoleetrosalie.com\/wp-content\/uploads\/2025\/12\/friandise-chat-150x150.jpg 150w, https:\/\/anatoleetrosalie.com\/wp-content\/uploads\/2025\/12\/friandise-chat-600x600.jpg 600w, https:\/\/anatoleetrosalie.com\/wp-content\/uploads\/2025\/12\/friandise-chat-100x100.jpg 100w, https:\/\/anatoleetrosalie.com\/wp-content\/uploads\/2025\/12\/friandise-chat.jpg 650w\" sizes=\"(max-width: 300px) 100vw, 300px\" \/><\/div>\n\t\t\t\t\t<div class=\"wc-block-grid__product-title\">Friandises naturelles au poulet ou au poisson \u2013 Chat<\/div>\n\t\t\t\t<\/a>\n\t\t\t\t<div class=\"wc-block-grid__product-price price\"><span class=\"woocommerce-Price-amount amount\">6,90&nbsp;<span class=\"woocommerce-Price-currencySymbol\">&euro;<\/span><\/span><\/div>\n\t\t\t\t\n\t\t\t\t<div class=\"wp-block-button wc-block-grid__product-add-to-cart\"><a href=\"\/index.php?rest_route=%2Fwp%2Fv2%2Fpages%2F7&#038;add-to-cart=172\" aria-label=\"Ajouter au panier\u00a0: &ldquo;Friandises naturelles au poulet ou au poisson \u2013 Chat&rdquo;\" data-quantity=\"1\" data-product_id=\"172\" data-product_sku=\"\" data-price=\"6.9\" rel=\"nofollow\" class=\"wp-block-button__link  add_to_cart_button ajax_add_to_cart\">Ajouter au panier<\/a><\/div>\n\t\t\t<\/li><\/ul><\/div><\/div>\n<\/div>\n","protected":false},"excerpt":{"rendered":"","protected":false},"author":1,"featured_media":0,"parent":0,"menu_order":0,"comment_status":"closed","ping_status":"closed","template":"","meta":{"site-sidebar-layout":"default","site-content-layout":"","ast-site-content-layout":"default","site-content-style":"default","site-sidebar-style":"default","ast-global-header-display":"","ast-banner-title-visibility":"","ast-main-header-display":"","ast-hfb-above-header-display":"","ast-hfb-below-header-display":"","ast-hfb-mobile-header-display":"","site-post-title":"","ast-breadcrumbs-content":"","ast-featured-img":"","footer-sml-layout":"","theme-transparent-header-meta":"","adv-header-id-meta":"","stick-header-meta":"","header-above-stick-meta":"","header-main-stick-meta":"","header-below-stick-meta":"","astra-migrate-meta-layouts":"default","ast-page-background-enabled":"default","ast-page-background-meta":{"desktop":{"background-color":"var(--ast-global-color-5)","background-image":"","background-repeat":"repeat","background-position":"center center","background-size":"auto","background-attachment":"scroll","background-type":"","background-media":"","overlay-type":"","overlay-color":"","overlay-opacity":"","overlay-gradient":""},"tablet":{"background-color":"","background-image":"","background-repeat":"repeat","background-position":"center center","background-size":"auto","background-attachment":"scroll","background-type":"","background-media":"","overlay-type":"","overlay-color":"","overlay-opacity":"","overlay-gradient":""},"mobile":{"background-color":"","background-image":"","background-repeat":"repeat","background-position":"center center","background-size":"auto","background-attachment":"scroll","background-type":"","background-media":"","overlay-type":"","overlay-color":"","overlay-opacity":"","overlay-gradient":""}},"ast-content-background-meta":{"desktop":{"background-color":"var(--ast-global-color-4)","background-image":"","background-repeat":"repeat","background-position":"center center","background-size":"auto","background-attachment":"scroll","background-type":"","background-media":"","overlay-type":"","overlay-color":"","overlay-opacity":"","overlay-gradient":""},"tablet":{"background-color":"var(--ast-global-color-4)","background-image":"","background-repeat":"repeat","background-position":"center center","background-size":"auto","background-attachment":"scroll","background-type":"","background-media":"","overlay-type":"","overlay-color":"","overlay-opacity":"","overlay-gradient":""},"mobile":{"background-color":"var(--ast-global-color-4)","background-image":"","background-repeat":"repeat","background-position":"center center","background-size":"auto","background-attachment":"scroll","background-type":"","background-media":"","overlay-type":"","overlay-color":"","overlay-opacity":"","overlay-gradient":""}},"footnotes":""},"class_list":["post-7","page","type-page","status-publish","hentry"],"jetpack_sharing_enabled":true,"_links":{"self":[{"href":"https:\/\/anatoleetrosalie.com\/index.php?rest_route=\/wp\/v2\/pages\/7","targetHints":{"allow":["GET"]}}],"collection":[{"href":"https:\/\/anatoleetrosalie.com\/index.php?rest_route=\/wp\/v2\/pages"}],"about":[{"href":"https:\/\/anatoleetrosalie.com\/index.php?rest_route=\/wp\/v2\/types\/page"}],"author":[{"embeddable":true,"href":"https:\/\/anatoleetrosalie.com\/index.php?rest_route=\/wp\/v2\/users\/1"}],"replies":[{"embeddable":true,"href":"https:\/\/anatoleetrosalie.com\/index.php?rest_route=%2Fwp%2Fv2%2Fcomments&post=7"}],"version-history":[{"count":1,"href":"https:\/\/anatoleetrosalie.com\/index.php?rest_route=\/wp\/v2\/pages\/7\/revisions"}],"predecessor-version":[{"id":11,"href":"https:\/\/anatoleetrosalie.com\/index.php?rest_route=\/wp\/v2\/pages\/7\/revisions\/11"}],"wp:attachment":[{"href":"https:\/\/anatoleetrosalie.com\/index.php?rest_route=%2Fwp%2Fv2%2Fmedia&parent=7"}],"curies":[{"name":"wp","href":"https:\/\/api.w.org\/{rel}","templated":true}]}}